 base 15, what is -1 + -72?
-73
In base 13, what is 83 + 5?
88
In base 4, what is -201210 - 0?
-201210
In base 3, what is 0 + 212101?
212101
In base 11, what is 3 - -88?
90
In base 14, what is -dd + 2?
-db
In base 9, what is 3 - 1161?
-1157
In base 11, what is -7547 + 2?
-7545
In base 3, what is 1 - 110?
-102
In base 4, what is 11 + -21311?
-21300
In base 9, what is -234 + 3?
-231
In base 8, what is -151 - 7?
-160
In base 8, what is -151 - -4?
-145
In base 3, what is 10211 + 11?
10222
In base 2, what is 0 - -10111001001?
10111001001
In base 4, what is 11 - 333202?
-333131
In base 11, what is 273 + 3?
276
In base 13, what is -21 + -1?
-22
In base 11, what is -475 + 8?
-468
In base 8, what is 10 + 45?
55
In base 4, what is -1 - -1121?
1120
In base 12, what is 4a7 - 3?
4a4
In base 9, what is -3 - -104?
101
In base 9, what is 3247 + -2?
3245
In base 2, what is -1111110000 + 1?
-1111101111
In base 7, what is 23 + -21?
2
In base 12, what is 737 - 4?
733
In base 8, what is 405 + -32?
353
In base 4, what is 11 - -131?
202
In base 8, what is 0 + -134?
-134
In base 9, what is -1 + 651?
650
In base 16, what is 1 - 2d?
-2c
In base 12, what is 16 - -71?
87
In base 5, what is 1 - -111?
112
In base 11, what is -77 - -4?
-73
In base 8, what is 555 - -4?
561
In base 11, what is 5 - 307?
-302
In base 3, what is -2201 + -1002?
-10210
In base 8, what is 2231 + -3?
2226
In base 16, what is -69 + -7?
-70
In base 6, what is 4 + 2444?
2452
In base 7, what is -101 - -352?
251
In base 6, what is 540 + -4?
532
In base 3, what is -22110 - 11?
-22121
In base 14, what is d - -3?
12
In base 15, what is 0 - 27?
-27
In base 6, what is 32 - -1333?
1405
In base 5, what is 4 - 14333?
-14324
In base 6, what is -33 + 22?
-11
In base 10, what is 863 + 3?
866
In base 13, what is -73 - -7?
-69
In base 9, what is 73 + -35?
37
In base 10, what is -28099 - 5?
-28104
In base 12, what is -5 - 6b1?
-6b6
In base 7, what is -6 + 235?
226
In base 2, what is 10 - 11011?
-11001
In base 4, what is -1 + 30?
23
In base 11, what is 3 - 36?
-33
In base 16, what is 2 - 1d?
-1b
In base 15, what is -2 - -d3d?
d3b
In base 6, what is 343 + -5?
334
In base 10, what is -991 + 3?
-988
In base 5, what is 1 - -1324?
1330
In base 6, what is -13 + 32?
15
In base 5, what is -2 + -120112?
-120114
In base 13, what is -2 + -213?
-215
In base 16, what is 14 - -1e?
32
In base 8, what is 2 - -3000?
3002
In base 16, what is 4 - -16e?
172
In base 9, what is -41 - -34?
-6
In base 5, what is -1411 - 10?
-1421
In base 10, what is -19 - 391?
-410
In base 6, what is -2100 - 51?
-2151
In base 16, what is 16 + -8?
e
In base 15, what is 0 - ac?
-ac
In base 4, what is 223 + 112?
1001
In base 12, what is -114 - 25?
-139
In base 2, what is 1101 + -1110?
-1
In base 15, what is -1 + 2?
1
In base 13, what is -4 + -31b?
-322
In base 15, what is 3d + -5?
38
In base 10, what is 3 + -40?
-37
In base 9, what is 4 + -305?
-301
In base 12, what is 15b - 2?
159
In base 15, what is -377 - -4?
-373
In base 3, what is -2 - -1201010?
1201001
In base 12, what is 64 - -2?
66
In base 15, what is 58a - -1?
58b
In base 12, what is 1 - 14?
-13
In base 12, what is -85 - -122?
59
In base 7, what is 4 + 1?
5
In base 12, what is -34 + -14a?
-182
In base 13, what is -2c + -201?
-230
In base 14, what is 104 + -2c?
b6
In base 14, what is -1cc + -3?
-1d1
In base 11, what is -29 - 12?
-40
In base 16, what is -14 - 45b?
-46f
In base 15, what is -3 + -6e?
-72
In base 4, what is -133 + -230?
-1023
In base 7, what is -4502 - -5?
-4464
In base 8, what is 471 + 12?
503
In base 7, what is 11 - -1256?
1300
In base 14, what is -30a - -3?
-307
In base 9, what is 3 + 63?
66
In base 3, what is 0 + 120012?
120012
In base 9, what is 124 + -2?
122
In base 14, what is 56b - -7?
574
In base 8, what is -6027 + -22?
-6051
In base 12, what is -1b5 + 5?
-1b0
In base 9, what is 1 + 22?
23
In base 6, what is 32 - 10?
22
In base 15, what is 68 - -1?
69
In base 3, what is 2002112 - -2?
2002121
In base 9, what is -131 + -83?
-224
In base 12, what is -74 + -6?
-7a
In base 16, what is -2 + 25?
23
In base 15, what is -e + 6b?
5c
In base 15, what is 21 - 4?
1c
In base 4, what is -20 - 103?
-123
In base 2, what is -100100011 - -1000?
-100011011
In base 4, what is -121130 - 2?
-121132
In base 16, what is -12 + -37?
-49
In base 11, what is -6a + 5?
-65
In base 7, what is -3 + 40?
34
In base 12, what is -5 + 49b?
496
In base 13, what is 89 + 3?
8c
In base 16, what is 6 + -41?
-3b
In base 4, what is 0 - -201?
201
In base 15, what is ad + -6?
a7
In base 8, what is -220 + 4?
-214
In base 9, what is -167 - 65?
-243
In base 12, what is -7 - 277?
-282
In base 4, what is 10 + -2203?
-2133
In base 12, what is 33 + 25?
58
In base 8, what is -4515 - 2?
-4517
In base 9, what is 215 - -2?
217
In base 13, what is 4 - 6a0?
-699
In base 6, what is 5 + -1051?
-1042
In base 14, what is 7 - 5b?
-54
In base 15, what is -1 + 4a?
49
In base 10, what is 12991 + 2?
12993
In base 6, what is 2 - -1150?
1152
In base 8, what is -4 - -32?
26
In base 8, what is -3652 - 5?
-3657
In base 7, what is -10 + 1431?
1421
In base 16, what is c + -253?
-247
In base 13, what is -937 + -1?
-938
In base 5, what is 42 - 1?
41
In base 8, what is 7643 - -1?
7644
In base 3, what is -211 - 122201?
-200112
In base 14, what is 1 + -11?
-10
In base 2, what is -1000 - 10110110101?
-10110111101
In base 8, what is -1 + -32?
-33
In base 15, what is 2 + -619?
-617
In base 5, what is -3302 - 1?
-3303
In base 8, what is -106 + 1?
-105
In base 16, what is -1 - 1f?
-20
In base 14, what is 759 - 9?
750
In base 7, what is 31 - 2?
26
In base 8, what is 3 + 665?
670
In base 10, what is 13886 + -4?
13882
In base 12, what is -a55 - 5?
-a5a
In base 5, what is -21321 + 4?
-21312
In base 10, what is 4 - -1?
5
In base 12, what is 0 + -5a?
-5a
In base 11, what is 12 + 2?
14
In base 15, what is -29 - -130?
106
In base 12, what is -89 - -13a?
71
In base 14, what is 6 - -105b?
1063
In base 2, what is -1010 + 10011?
1001
In base 7, what is 5 + 155?
163
In base 14, what is 3 - -d8?
db
In base 13, what is -17 + -5?
-1c
In base 8, what is 401 + -1?
400
In base 7, what is 112 + 11?
123
In base 4, what is -10 - -11033?
11023
In base 8, what is -66 - 46?
-134
In base 5, what is 102 + -2?
100
In base 14, what is 15 + 1c?
33
In base 16, what is d4 - 5?
cf
In base 15, what is -14 - 51c?
-531
In base 2, what is 11111 - -110011001?
110111000
In base 4, what is 11 - -3333?
10010
In base 3, what is 212 - -110?
1022
In base 4, what is -13 - 201?
-220
In base 9, what is -8300 + -1?
-8301
In base 6, what is 421 + -2?
415
In base 5, what is 200 + -102?
43
In base 10, what is -4336 + -4?
-4340
In base 7, what is -34 + -40?
-104
In base 6, what is -13233 - -2?
-13231
In base 12, what is -2 + -3425?
-3427
In base 2, what is -100110 + 0?
-100110
In base 7, what is 11 + 1112?
1123
In base 8, what is 7 + 5?
14
In base 8, what is 210 + -23?
165
In base 11, what is 102 + -6?
a7
In base 10, what is 1 - -285?
286
In base 14, what is -7 - -3c?
35
In base 7, what is -101626 - -4?
-101622
In base 2, what is 10100 - 11?
10001
In base 10, what is 4 - -975?
979
In base 11, what is -42 + -4?
-46
In base 8, what is -1 + 57?
56
In base 3, what is -111 - -1021020?
1020202
In base 6, what is 25 - -15?
44
In base 14, what is -c + -646?
-654
In base 8, what is 11 + 7?
20
In base 15, what is e2 - -3?
e5
In base 4, what is -3313 - 333?
-10312
In base 13, what is -2b + 74?
46
In base 6, what is -41 + -10?
-51
In base 3, what is -10002 + 1020?
-1212
In base 10, what is 2 + -75?
-73
In base 10, what is 8 + -911?
-903
In base 11, what is -2 - -1314?
1312
In base 11, what is 50 - -1?
51
In base 5, what is 22 - -424?
1001
In base 12, what is 1510 + -2?
150a
In base 16, what is -4 - 72?
-76
In base 11, what is 1 + 56?
57
In base 4, what is -20 - -2003?
1323
In base 14, what is 1 + -13b6?
-13b5
In base 3, what is 2010212121 + -2?
2010212112
In base 14, what is 34 - 4?
30
In base 3, what is -11200 - 12?
-11212
In base 13, what is 3 - -2919?
291c
In base 7, what is -4 - -2255?
2251
In base 4, what is 20 + 23?
103
In base 9, what is 1 + 23?
24
In base 12, what is 5 + 195?
19a
In base 3, what is 1 + -2202?
-2201
In base 11, what is -43 + -5?
-48
In base 16, what is 4194 + -1?
4193
In base 16, what is bd + 38?
f5
I